b - 84 = -4*d + k, -2*d + 3*b = -59. What is the tens digit of d?
2
Suppose a - 2 = 1. What is the units digit of a?
3
Let q be (2/(-6))/(2/30). Let j(o) = -5*o. What is the units digit of j(q)?
5
What is the units digit of 136/12 - 2/6?
1
Let b = 0 + 3. Suppose 5*d - 25 = -5*f, 4*f - 25 = b*d - 2*d. Suppose -f*z = -z - 5. What is the units digit of z?
1
Suppose 5 + 3 = -4*d. Suppose i + 7 = 2*i. Let l = i + d. What is the units digit of l?
5
Let f = 130 + -72. What is the tens digit of f?
5
What is the units digit of -2*(1 - 18 - -2)?
0
Let x = 210 - 131. What is the units digit of x?
9
Suppose -55 = -4*t + 21. Let c = 9 + -4. Suppose 3*j + c*o = 4, 3*j = -2*j + 4*o + t. What is the units digit of j?
3
Let v be 3/1 - (-71 + -9). Suppose 4*k - 207 = -v. What is the tens digit of k?
3
Let n = 25 - -11. What is the units digit of n?
6
What is the hundreds digit of 2/(8/(-6))*(-95 + -1)?
1
Suppose -10 = -3*n - 4. Let x = n + -5. Let y(c) = 2*c**2 + 2. What is the units digit of y(x)?
0
Suppose -4*t + 1065 = 5*b, 240 = t - 0*t - 4*b. What is the hundreds digit of t?
2
Let h(k) = -10*k + 0 + k**2 - 2 + 8 + 4*k. Suppose 4*a + 3*q = 35, 3*a + 2*a - 5*q = 0. What is the units digit of h(a)?
1
Let k(s) = 25*s - 2. What is the units digit of k(3)?
3
Let f be 87/6 + 2/(-4). Let l = f + 1. What is the units digit of l?
5
What is the units digit of -2 + 1 - 2/(-1)?
1
Suppose -6 = -2*i - i. Suppose 3*z = -i*k + 10, 5*z = -3*k - 2*k + 10. What is the units digit of z?
6
Let n(s) = s**2 - 6*s + 17. What is the tens digit of n(8)?
3
Let w(t) be the third derivative of -1/24*t**4 + 0 + 0*t + 13/6*t**3 - 2*t**2. What is the units digit of w(6)?
7
Let i = 11 + -8. Suppose -i*u - 8 = 22. Let x = 14 + u. What is the units digit of x?
4
Let s = 15 + -4. What is the units digit of s?
1
Suppose 2*h + 8 = 4*h. Let z(c) = -4*c**2 + 15*c - 5. Let j(p) = -2*p**2 + 8*p - 3. Let k(o) = 7*j(o) - 4*z(o). What is the tens digit of k(h)?
1
Let g = 86 + -16. Suppose -2*f + 2*c + g = 0, f + 2*c - 36 = 14. What is the units digit of f?
0
Let r(b) = -b**2 + 5*b + 4. Let g be r(5). Suppose -g*x = -3*x - 34. Let a = x - 21. What is the tens digit of a?
1
Let s = 8 - 5. Suppose -26 = -4*t + 2*j, 2*t - j - 16 = s*j. What is the tens digit of (-2 + -6)*t/(-4)?
1
Let i(j) = 10*j**2 + 9*j + 18. What is the hundreds digit of i(-5)?
2
Let f be 0 - (-11)/2*4. Suppose 0 = 4*n - 5*v - f, -v + 2 = n - 4*v. What is the units digit of n?
8
Let q(g) = g + 17. What is the units digit of q(6)?
3
What is the units digit of ((-30)/(-10))/(1 - 0)?
3
Let w(s) = s**3 + 5*s**2 - 4*s - 5. Let j be w(-4). Let i be (-2)/(-5) + (-13)/(-5). Suppose -x - i*d = 4, 3*d + d + j = 3*x. What is the units digit of x?
5
Let q(n) be the third derivative of -n**4/8 + n**3/3 - 6*n**2. What is the tens digit of q(-4)?
1
Let q(f) = -f**3 + 9*f**2 - 8*f - 8. What is the units digit of q(7)?
4
Let l(q) = 2*q**2 + 4*q + 3. Let f = -4 + 0. What is the tens digit of l(f)?
1
Let j = 54 - 40. What is the units digit of j?
4
Let k(v) = -v + 14. Let x be (8/(-5))/(6/(-45)). What is the units digit of k(x)?
2
What is the tens digit of (-75)/2*((-2)/3)/1?
2
Suppose 2*l = 2*x - 3*l - 63, x - 5*l = 44. What is the units digit of x?
9
Let f(d) = -5*d**3 + 6*d**2 - 4*d + 3. Let l(v) = -6*v**3 + 7*v**2 - 4*v + 3. Let g(s) = 7*f(s) - 6*l(s). What is the tens digit of g(3)?
1
Let d = 366 + -151. What is the units digit of d?
5
Let u(b) = b**2 + 2*b - 3. Suppose -2*k + 6*k + 26 = 2*s, 0 = -5*k - 5*s + 5. What is the units digit of u(k)?
5
What is the units digit of 68/4 + -3 - 0?
4
Let a(g) = -11*g**3 + 1. Let x be a(1). Let q = x - -16. Let v(h) = h**2 - 6*h + 8. What is the units digit of v(q)?
8
Let q be 2/(-5) + (-84)/(-10). Suppose 5*x = -3*h + 7*h - 17, q = h - 5*x. Suppose -h*d = -20 + 5. What is the units digit of d?
5
Let d(g) = -g**3 - g**2 - g - 1. Let y(v) = v**3 + 1. Let x(m) = 4*d(m) + 3*y(m). Suppose u - 3*u = 6. What is the units digit of x(u)?
2
Let t = -3 - -6. What is the units digit of t?
3
Suppose -19 = 2*y - 4*a - 253, 3*y - a - 361 = 0. What is the tens digit of y?
2
Let x be ((-40)/(-50))/((-1)/(-5)). Let s = x + 12. What is the units digit of s?
6
Let o(k) = -k**2 + 5*k. Let h(y) = y**2 - 5*y + 1. Let d(u) = -2*h(u) - 3*o(u). Let g(x) = 5*x**2 + 2*x - 1. Let w be g(1). What is the units digit of d(w)?
4
Let g = -5 - -7. Suppose 0 = 2*x - 29 + 5. Suppose -3*y = k - 6*y - x, 0 = k + g*y - 7. What is the units digit of k?
9
Let k = 208 - 53. What is the hundreds digit of k?
1
Let b(t) = t**2 + 6*t + 5. Let f be (-12)/20 + 27/(-5). What is the units digit of b(f)?
5
Let x be 2/4*(-10 + 22). Let t be ((-8)/(-10))/((-1)/(-5)). What is the units digit of (t/(-6))/((-4)/x)?
1
Suppose 4*u + 5*h - 7*h - 12 = 0, 5*h - 6 = u. What is the tens digit of (u + -5)/((-2)/92)?
4
Suppose -x - x = -12. What is the units digit of x?
6
What is the units digit of (-4 + 4)*1 - -19?
9
Suppose -a + 2*a - 12 = 0. Suppose 74 = -5*d - y, 0 = 2*d - y + 36 - a. Let c = -9 - d. What is the units digit of c?
5
Suppose 0 = -2*b + 4*b - 76. What is the units digit of b?
8
Let b = -22 + 38. What is the units digit of b?
6
Let w = 167 + -88. What is the tens digit of w?
7
Suppose -4*l = -2 + 6, 4*d + 3 = -3*l. Let i = d - -6. Suppose -b + 3*b = -i, -4*a + 52 = -4*b. What is the units digit of a?
0
Suppose 2*h = -s + 6, -h + 2*s = 4*s - 9. What is the units digit of -3 - h - -28 - -4?
8
Let j(x) = 4*x**2 + 2*x + 5. Let z(o) = -o**2 - o. Let n(b) = -j(b) - 5*z(b). What is the tens digit of n(-6)?
1
Let z be 20/15*9/6. What is the units digit of 3/z + (-17)/(-2)?
0
Suppose 3*a = -v + 287, 5*v - 5*a - 327 = 4*v. What is the units digit of v?
2
Let l = 1 + 1. Suppose -2*i - i = -l*a, -a - 3*i = -9. Suppose 24 = -0*n + a*n. What is the units digit of n?
8
Let y = 11 + -3. Suppose 5*o = -q + 16 + y, 2*o - 6 = 0. What is the units digit of q?
9
Let m(o) = -o**3 + 6*o**2 + 2*o. Let y be m(6). Suppose 2*z = 2*d + y, z + 3*d + 2 = -0*d. What is the units digit of -1 + z + (13 - -1)?
7
Suppose f = -f + 470. What is the units digit of f?
5
Let r = 23 - 7. Let y = 8 + r. What is the tens digit of y?
2
Let t(y) = y**2 - y - 4. Let m be t(0). What is the units digit of -3 - (4/m - 42)?
0
What is the tens digit of 382/6 + -1 + 10/(-15)?
6
Suppose -3*c = -3*w - c + 197, 4*c = w - 59. What is the units digit of w?
7
Let a(r) = -r**3 + 6*r**2 + r + 3. Let z = 10 + -4. Let j be a(z). Suppose d - j = s, -s = 2*s - 9. What is the units digit of d?
2
Suppose -7*m = -3*m. Let f be -2*(m/3 + 1). What is the units digit of (-1)/f - (-35)/10?
4
Let y(t) = t**2 + 7*t + 4. Let v be y(-7). Suppose -v*m = -12, -2*j - j = -3*m - 3. What is the units digit of j?
4
Suppose 11 + 1 = q. Suppose -3*i - 15 = -2*p + 7, 0 = 4*p + 2*i - q. Suppose 4*j - 36 = -5*w, -p*j + 24 = 3*w - 2*j. What is the units digit of w?
4
Let u be (-4)/(-18) - (-25)/9. Let g(i) = 2*i**2 - 5*i + 3. What is the units digit of g(u)?
6
Let c be 2 + 0 + -1 - -44. Suppose -r + 3 = -2, c = 5*f + 2*r. What is the units digit of f?
7
Let v(j) = -4*j - 3. Let n be v(-3). Let h be (-2)/(-3) + (-15)/n. What is the tens digit of h/((-2)/(-13))*-2?
1
Let q(c) be the second derivative of c**3/3 - 5*c**2 - 3*c. What is the units digit of q(7)?
4
Suppose 2*u + 44 = 2*a, 7*u - 3*u - 2 = -a. Suppose 0*v - 4*v = 0. Suppose -4*g + a + 2 = v. What is the units digit of g?
5
Let q(u) = 51*u - 10. What is the hundreds digit of q(5)?
2
Suppose 3*f = -f - 120. Let t = -1 + -3. What is the tens digit of (t/(-10))/(-1)*f?
1
Suppose 64 = 3*k + 2*k + 3*h, 3*k = -5*h + 32. What is the units digit of k?
4
Let b(c) = c. Let y be b(-2). What is the units digit of 1*y/(1 - 3)?
1
Let x(a) be the third derivative of a**6/120 - a**5/20 + a**3/6 - 2*a**2. Let y be x(-2). Let f = y - -33. What is the tens digit of f?
1
Let n(g) = -3 + 0 + 3*g**2 + 7*g - 2*g**2 + g**2. What is the units digit of n(-6)?
7
Let s = -3 - -10. Let v = s - -5. What is the units digit of v?
2
Suppose -4*b + 96 + 73 = 5*k, -3*k = 2*b - 87. Suppose 0*h = 3*h - b. What is the tens digit of h?
1
Let g(j) = -2*j + 6. Suppose -22 = 3*k - 7. What is the tens digit of g(k)?
1
Let n be ((-35)/14)/((-1)/2). Suppose -b + 4*h = -29, b + n*h - 3*h + 1 = 0. What is the units digit of b?
